 (base 3) to base 7
114350
Convert 577 (base 14) to base 16.
43d
What is -34958 (base 11) in base 16?
-c4df
What is -4315 (base 9) in base 4?
-301211
314 (base 11) to base 14
1d0
-86002 (base 9) to base 12
-28aa8
-c7a (base 15) to base 16
-aff
Convert -126 (base 8) to base 15.
-5b
-79a1 (base 11) to base 5
-314032
16 (base 14) to base 16
14
Convert -13a (base 16) to base 15.
-15e
Convert -132 (base 10) to base 9.
-156
11aa (base 11) to base 12
ab0
What is 366 (base 11) in base 5?
3220
33925 (base 11) to base 2
1011111110001000
526 (base 7) to base 3
100211
-14040 (base 5) to base 16
-479
Convert 2134 (base 13) to base 2.
1000111111110
Convert 257 (base 11) to base 13.
1a5
What is -321232 (base 5) in base 13?
-4c01
What is -8301 (base 13) in base 4?
-10122210
46289 (base 11) to base 2
10000010101001001
Convert -34375 (base 8) to base 9.
-22010
Convert 1729 (base 16) to base 6.
43241
Convert c853 (base 14) to base 11.
23a77
What is -216b (base 13) in base 10?
-4652
23230 (base 9) to base 13
7092
-43b (base 16) to base 12
-763
2a5 (base 11) to base 8
545
What is -20013111 (base 4) in base 9?
-50530
What is 1568 (base 12) in base 4?
213200
-214 (base 15) to base 8
-725
Convert -978 (base 10) to base 13.
-5a3
-5544 (base 9) to base 5
-112330
What is 4691 (base 10) in base 2?
1001001010011
What is -1101100010 (base 2) in base 9?
-1162
394a (base 15) to base 3
121202121
-1043411 (base 5) to base 11
-12a85
What is 333012 (base 4) in base 15?
12e3
What is -211 (base 12) in base 14?
-177
Convert 3032 (base 6) to base 7.
1643
Convert -bce (base 16) to base 14.
-115c
What is -41706 (base 8) in base 3?
-212210121
Convert -51c (base 15) to base 12.
-800
-10120120121 (base 3) to base 13
-2607a
Convert -120022 (base 4) to base 12.
-a8a
Convert -1030 (base 14) to base 11.
-2103
Convert 4111 (base 5) to base 9.
650
Convert 141 (base 12) to base 16.
c1
202002201 (base 3) to base 9
22081
-141562 (base 7) to base 15
-802d
What is 12126 (base 8) in base 14?
1c7c
-29 (base 13) to base 6
-55
Convert 54330 (base 6) to base 8.
16456
Convert 11122102 (base 3) to base 11.
25a9
What is -8849 (base 10) in base 9?
-13122
15685 (base 9) to base 4
2220101
What is -6d43 (base 16) in base 15?
-844b
What is 131221 (base 4) in base 11?
1475
Convert 111001111 (base 2) to base 11.
391
Convert 47223 (base 9) to base 10.
31530
What is -380 (base 10) in base 7?
-1052
Convert 11001101111001 (base 2) to base 7.
53263
Convert -3ea (base 15) to base 2.
-1101111111
Convert -32244 (base 5) to base 6.
-14103
3336 (base 7) to base 16
4b3
What is 2b52 (base 16) in base 15?
3445
Convert 2121222 (base 3) to base 8.
3574
What is -11121021 (base 3) in base 15?
-eda
Convert -387 (base 11) to base 10.
-458
Convert -10011110011100 (base 2) to base 3.
-111220120
-554 (base 13) to base 10
-914
Convert 5241 (base 12) to base 10.
8977
What is -16 (base 16) in base 5?
-42
-10015 (base 8) to base 12
-2465
What is 1652 (base 8) in base 12?
662
5a (base 16) to base 12
76
-5098 (base 13) to base 10
-11110
90be (base 15) to base 8
73532
Convert -124 (base 7) to base 9.
-74
Convert 122f (base 16) to base 4.
1020233
Convert -1b986 (base 12) to base 6.
-514250
Convert -32765 (base 10) to base 12.
-16b65
Convert 476 (base 14) to base 5.
12023
-472 (base 8) to base 12
-222
What is -22542 (base 6) in base 4?
-302132
What is -1612 (base 7) in base 12?
-45a
Convert -102202021 (base 3) to base 2.
-10000101110110
What is 10110110101010 (base 2) in base 6?
130042
What is 105 (base 6) in base 11?
38
Convert -10a (base 13) to base 16.
-b3
What is -40211 (base 5) in base 15?
-b56
What is a500 (base 12) in base 13?
8268
What is -46121 (base 7) in base 4?
-2313032
What is 12120002 (base 3) in base 5?
112202
Convert 3200 (base 7) to base 15.
502
What is 4031 (base 6) in base 4?
31303
Convert -2442 (base 9) to base 6.
-12232
Convert -15478 (base 9) to base 7.
-42623
1a12 (base 13) to base 8
7476
What is be0 (base 16) in base 2?
101111100000
1315 (base 9) to base 5
12421
-1010110111 (base 2) to base 12
-49b
-206 (base 15) to base 13
-291
-ca2 (base 14) to base 3
-10102101
What is -40314 (base 5) in base 6?
-15544
What is -20523 (base 6) in base 11?
-2104
38b (base 12) to base 10
539
Convert -180 (base 9) to base 16.
-99
What is -20555 (base 7) in base 16?
-13df
11110001100 (base 2) to base 10
1932
16795 (base 11) to base 13
a969
200 (base 3) to base 2
10010
Convert 21013 (base 4) to base 5.
4313
What is -22593 (base 10) in base 5?
-1210333
Convert -1215 (base 6) to base 8.
-453
What is -32653 (base 7) in base 6?
-102021
Convert -4906 (base 12) to base 4.
-2000112
Convert -2900 (base 10) to base 4.
-231110
What is -11134 (base 9) in base 10?
-7402
What is 201010222 (base 3) in base 14?
5130
Convert -1ae (base 15) to base 5.
-3024
-3123 (base 6) to base 7
-2016
Convert 1741 (base 12) to base 11.
2102
-112201002 (base 3) to base 8
-24741
21450 (base 7) to base 11
4048
-c3a (base 15) to base 3
-10210001
What is -1355 (base 8) in base 14?
-3b7
Convert 2a8 (base 13) to base 15.
21b
Convert -230 (base 9) to base 12.
-139
Convert -11151 (base 7) to base 16.
-b0d
1514 (base 6) to base 16
196
42353 (base 6) to base 9
7806
477 (base 10) to base 14
261
Convert 29956 (base 12) to base 11.
3a959
What is 633a (base 11) in base 2?
10000011001000
What is -2298 (base 15) in base 12?
-42bb
5b4 (base 13) to base 7
2615
-567 (base 10) to base 7
-1440
2dc (base 14) to base 7
1465
Convert -30e6 (base 16) to base 10.
-12518
252 (base 12) to base 6
1342
Convert -11000010111 (base 2) to base 15.
-6de
-440 (base 7) to base 3
-22022
Convert -111500 (base 7) to base 13.
-901a
Convert -1440 (base 11) to base 4.
-131003
-130144 (base 5) to base 3
-20221000
Convert -10100111 (base 3) to base 9.
-3314
Convert -106 (base 15) to base 5.
-1411
a15 (base 14) to base 5
30404
What is -4e3 (base 16) in base 10?
-1251
Convert -43d4 (base 16) to base 10.
-17364
24220 (base 9) to base 10
16218
What is 139 (base 14) in base 5?
1442
-6858 (base 12) to base 16
-2d44
Convert 1aa3 (base 13) to base 6.
30340
3013321 (base 4) to base 16
31f9
What is 18c5 (base 16) in base 15?
1d2b
25c (base 15) to base 6
2253
What is -1000001101110 (base 2) in base 7?
-15156
Convert 15741 (base 11) to base 6.
250420
3105 (base 15) to base 4
2201303
Convert 2828 (base 10) to base 6.
21032
-2387 (base 10) to base 2
-100101010011
Convert 3014 (base 6) to base 9.
811
What is 7710 (base 9) in base 11?
42a3
What is a9d1 (base 15) in base 14?
d175
Convert 40627 (base 11) to base 10.
59319
-163326 (base 7) to base 4
-13322121
What is -235310 (base 6) in base 13?
-9513
-468 (base 11) to base 2
-1000101110
What is -141 (base 14) in base 8?
-375
182 (base 10) to base 7
350
10000022 (base 3) to base 11
1716
-30793 (base 11) to base 12
-21b74
What is -44337 (base 8) in base 10?
-18655
Convert -8526 (base 9) to base 16.
-1875
350 (base 12) to base 9
606
Convert -3ac (base 14) to base 12.
-518
Convert -67c0 (base 16) to base 15.
-7d0a
Convert -4003 (base 7) to base 14.
-703
Convert -464 (base 9) to base 5.
-3012
What is 337 (base 13) in base 15?
26d
Convert 122120 (base 3) to base 7.
1245
What is -328b (base 14) in base 11?
-6632
Convert -106436 (base 7) to base 2.
-100101010010000
Convert -112012 (base 3) to base 14.
-1d5
What is -2960 (base 10) in base 13?
-1469
What is 8637 (base 11) in base 12?
6732
Convert 1022112220 (base 3) to base 15.
7a2c
2bd0 (base 14) to base 8
17222
Convert -33 (base 9) to base 12.
-26
Convert -10605 (base 7) to base 3.
-10201000
Convert 13d (base 16) to base 4.
10331
Convert 311 (base 8) to base 5.
1301
1a8a (base 13) to base 16
fa1
What is 2128 (base 9) in base 3?
2010222
What is 73cb (base 14) in base 16?
4e07
Convert 29266 (base 10) to base 12.
14b2a
-1211302 (base 4) to base 3
-22221021
Convert -28c4 (base 16) to base 14.
-3b36
What is -13010 (base 8) in base 3?
-21201220
-44305 (base 6) to base 7
-23651
-100001 (base 3) to base 6
-1044
-10101011001111 (base 2) to base 11
-8263
Convert 201530 (base 6) to base 16.
3e5e
53673 (base 9) to base 14
cd4c
What is -21431 (base 5) in base 15?
-696
What is -2179 (base 10) in base 9?
-2881
What is b711 (base 12) in base 15?
5e04
Convert -5143 (base 8) to base 15.
-bc4
Convert 9b93 (base 12) to base 8.
41537
What is a3 (base 14) in 